0 = -6306. What is the remainder when g is divided by 12?
11
Let d = -533 - -1015. Suppose -4*m - 190 = d. What is the remainder when ((-4)/14)/(8/m) is divided by 5?
1
Let r = -5147 - -5599. Calculate the remainder when 1367 is divided by r.
11
Let p = 8187 - 8064. What is the remainder when 1848 is divided by p?
3
Suppose 6 = -2*n, -r - n = -2*r + 19. Suppose -18*w + 14*w = -r. Suppose d = 0, -22*v + 25*v = -3*d + 18. What is the remainder when v is divided by w?
2
Let k(u) = 944*u + 6869. Let l(j) = -j**2 - 19*j - 11. Calculate the remainder when k(-7) is divided by l(-13).
60
Suppose 79*n = 153353 - 16683. What is the remainder when n is divided by 37?
28
Let l = -493 - -1038. Suppose l = 5*q - 5*x, -18 = -3*x - 6. Let s(v) = -v**3 + 21*v**2 - 19*v + 18. What is the remainder when q is divided by s(20)?
37
Let b = -25 - -40. Let d be b/((0 - 1)/1). Let a = d + 24. Calculate the remainder when a is divided by 6.
3
Let c(y) = 2*y - 3. Let t(r) = 49*r + 401. What is the remainder when t(-8) is divided by c(2)?
0
Let h(a) = -a + 13. Let q = 71 + -62. Let l be h(q). Let n(g) = 3*g**2 - 5*g + 18. Calculate the remainder when n(l) is divided by 12.
10
What is the remainder when (57038/2527)/((-2)/(-7)) is divided by 38?
3
Suppose 21*q = 15*q. Suppose 0 = o - 4*v - v - 15, q = -3*o - 2*v - 6. Calculate the remainder when o + -64*(-2)/4 is divided by 8.
0
Suppose 3*q + 564 = -3*d, 3*q + 2*q = d + 158. Let s = d + 464. Calculate the remainder when s is divided by 19.
15
Let x = 20628 - 19854. What is the remainder when x is divided by 288?
198
Suppose 62 + 16 = 4*j + y, -5*y = 5*j - 90. Suppose 3*u + 2*u = j. What is the remainder when 6/u*-92*3/(-9) is divided by 10?
6
Suppose 0 = -175*d + 24*d - 107*d + 103200. What is the remainder when d is divided by 37?
30
Suppose -2*b + 4*g - 12 = 0, -b + 19 = 4*g - g. Suppose 0 = 5*s - b*s - 7. Calculate the remainder when 96 is divided by s.
5
Suppose 58*k - 28*k = 2430. Calculate the remainder when 252 is divided by k.
9
Let f be 4 - (-3)/((-6)/46). Let d(c) = c**3 + 9*c**2 + 4*c + 6. Let g be d(-8). Let w = f + g. What is the remainder when 71 is divided by w?
14
Let t be (-5 - (-6 + 2))/(4/(-1224)). Suppose 2*v - 4*v + t = 5*k, -4*k = -2*v - 252. Calculate the remainder when k is divided by 51.
11
Let d = 125 + -125. Suppose d = -5*g - 24 + 74. What is the remainder when 67 is divided by g?
7
Let m = 651 - 143. Let g = 517 - m. What is the remainder when 87 is divided by g?
6
Let v(i) = 88*i - 1407. What is the remainder when 4599 is divided by v(18)?
174
Suppose -2*w - 3*n + 4 = -8, 12 = 2*w - 2*n. Let y be 32/w - 16/(-24). Suppose y*j = 11*j - 90. What is the remainder when j is divided by 7?
4
Let h be 18/2*(5 - (-2184)/36). Let q = 636 - h. What is the remainder when q is divided by 31?
14
Suppose 2*w + 343 = 2*p + 7*w, p - 173 = -2*w. What is the remainder when p is divided by 161?
18
Suppose -51*y + 109 + 207 = 28*y. Suppose -4*r + 8 = -0*r, r = -5*f + 2. Suppose 5*l = f, y*n - 132 = 5*l + 36. What is the remainder when n is divided by 22?
20
Let f(y) = -24*y + 1. Let z be f(-1). Let w be ((-10)/z)/((-1)/10). Suppose -a - 55 = -w*p, 2*a = 3*a - 5. What is the remainder when 22 is divided by p?
7
Let y = -8 - -10. Suppose y*w + 4*r = 130, -172 = -3*w + 5*r + 23. Let u = w + 22. Calculate the remainder when u is divided by 18.
15
Suppose 5*q - 3*i - 42 = 0, q - 26*i + 31*i = 14. Suppose -253 = -q*u + 665. Calculate the remainder when u is divided by 15.
12
Let m be 114/9*(26 - 5). Suppose m - 32 = 13*g. Calculate the remainder when 196 is divided by g.
16
Let x(g) = 26*g**2 + 3*g. Let v be x(2). Let t = v - 62. Calculate the remainder when t is divided by 18.
12
Suppose 201*h = -24068 + 205973. What is the remainder when 2734 is divided by h?
19
Let f = -83 + 125. Suppose -3*m = 25 - 109. What is the remainder when (-999)/(-12) + (-7)/m is divided by f?
41
Let m(z) = -z**2 - 15*z - 24. Let o = 12 - 12. Suppose o = 3*w - 3, -8*w + 400 = 5*h - 3*w. Calculate the remainder when h is divided by m(-4).
19
Let p be (-116)/(-406) + 60/(-14). Let f(o) = -10*o + 1 + 2 + 7. What is the remainder when f(p) is divided by 13?
11
Suppose -6*h + 10*h - 3084 = -4*y, -3*y + 3*h + 2283 = 0. What is the remainder when y is divided by 37?
26
Suppose 35 = -7*v - 0*v. Let p be 1/3*(v + 20). Suppose p*q + 99 = 14*q. What is the remainder when 65 is divided by q?
10
Suppose 0 = -293*x + 361*x - 1292. Suppose -460 = -11*i + 6*i. What is the remainder when i is divided by x?
16
Suppose -3*a + 115 = 2*b, -7*a + 2*a = -45. Suppose -3*d + 0*d = -57. What is the remainder when b is divided by d?
6
Let w be (5/(-4))/(2/(-12 + 4)). Suppose 26 = -w*l + 6*l. Calculate the remainder when 103 is divided by l.
25
Let z(d) = 6*d + 65. Let s(v) = v**2 + 49*v + 102. Let q be s(-47). What is the remainder when z(q) is divided by 33?
14
Suppose 137*s = 48*s + 60965. What is the remainder when s is divided by 338?
9
Suppose 985 - 135 = 25*k. Suppose 4*n - k*n + 480 = 0. What is the remainder when 27 is divided by n?
11
Suppose 869*k + 647 = 4*v + 872*k, -4*v + 5*k + 639 = 0. Calculate the remainder when 1762 is divided by v.
152
Let b be (5 - 1/(-2)*-4)*-1. Calculate the remainder when 13 + 103 - (-3)/b is divided by 9.
7
Let l be -2 + 5 - (9 + -9). Suppose -q = l*w - 80, -4*q + 6*w = w - 320. What is the remainder when q is divided by 21?
17
Let v = -38 + 86. Let j = -227 - -334. Suppose 12*o = 8*o - x + j, -20 = 4*x. Calculate the remainder when v is divided by o.
20
Suppose 9*y - 98 = 316. Let l = y + -45. Calculate the remainder when 16 is divided by l.
0
Let o = 1093 - 2093. What is the remainder when 345 is divided by 123/10 - (-300)/o?
9
Let s = -6 + 24. Let d(z) = z**3 - 18*z**2 + z - 26. Let j be d(s). Let b(p) = -2*p**3 - 17*p**2 - 9*p - 3. Calculate the remainder when 7 is divided by b(j).
2
Let d(k) = k**3 + 36*k**2 + 45*k + 124. Calculate the remainder when d(-33) is divided by 106.
104
Suppose 0 = -23*r + 27*r. Let x be -15*20/(-12) + r/(-3). Suppose 92 = -x*s + 29*s. Calculate the remainder when 44 is divided by s.
21
Let y(w) = 11*w**3 + 4. Suppose 261 = -5*n + 271. Calculate the remainder when y(n) is divided by 5.
2
Let z(w) = -w**3 + 2*w**2 + 2. Let k be z(2). Suppose k*g - 6 = 4. Let j(t) = 9*t**2 + 494*t - 13. What is the remainder when j(-55) is divided by g?
2
Calculate the remainder when 6 - (-95 - -80)*(-1)/((-3)/164) is divided by 10.
6
Let d = -14428 - -14474. What is the remainder when 1471 is divided by d?
45
Suppose -4*t + 20 = 5*d + t, -4*d + 16 = -3*t. Let p(m) = 4*m - 4 - d + 0 - m + 2*m**2. What is the remainder when p(-6) is divided by 24?
22
Suppose -5 = y - 7. Suppose 2*o = -4*b - y*o + 164, -2*b - 4*o + 80 = 0. Calculate the remainder when 119 is divided by b/399 - 758/(-19).
39
Suppose -9*w + 5*w = -3*o + 43, 0 = -3*o + 21*w + 111. Let r(n) = n**2 + 2*n - 4. What is the remainder when r(-8) is divided by o?
8
Let z(q) be the third derivative of q**4/8 - 2*q**3 - 5*q**2. Suppose 3*s - 227 + 32 = -3*l, -2*l = -s + 80. What is the remainder when s is divided by z(9)?
10
Let a(v) = v**2 - v + 5. Let y be (2 - 9/3)/(2/14). Calculate the remainder when a(y) is divided by 20.
1
Let w be ((-27)/12 - -3)*4. Suppose w*y - 1 = 20. Calculate the remainder when 96 is divided by (-4)/((8/y)/(-4)).
12
Suppose -z + 81 = 2*j, 2*j - 158*z = -156*z + 102. What is the remainder when j is divided by 26?
18
Suppose 114*r = 125*r - 6787. Let c = 633 - r. What is the remainder when 126 is divided by c?
14
Let m be 4/(3/(25 - -5)). Let h = -1 + m. What is the remainder when 192 is divided by h?
36
Let f(r) = 26*r + 321. Let q = -732 - -727. What is the remainder when f(q) is divided by 13?
9
Suppose 0 = 4*r - r - 66. Let c = -17 + -9. Let x = -14 - c. What is the remainder when r is divided by x?
10
Let x(p) = 3*p**2 - 18*p - 10. Let q be x(8). Let l = -18 + q. Suppose 3*w - l = 25. Calculate the remainder when 57 is divided by w.
12
Let p = -3011 + 3063. Calculate the remainder when p is divided by 13.
0
Suppose -120*q = -125*q + 400. Suppose -21*g = -46 - q. Calculate the remainder when 40 is divided by g.
4
Suppose 0 = 230*i + 68*i - 127544. What is the remainder when i is divided by 32?
12
Suppose 0 = -4*q - 8 - 8. Let 